ppose -3*t = 2*y - 1026, -2*y - 3*t - s*t + 1022 = 0. Calculate the greatest common factor of 12 and y.
12
Let l be ((-10)/(-6))/((-14)/(-42)). Suppose -5*b - l*n = -365, 3*b + n = -4*n + 221. Calculate the highest common factor of 9 and b.
9
Let l = 820 - 802. Suppose -2*d = 4*j - 532, -16*j + l*j - 1346 = -5*d. Calculate the highest common factor of 36 and d.
18
Let d be 12/16 + (-6)/(-24). Suppose 6*w - d = 5. Let j be w*(3 + 46) + (3 - 2). Calculate the highest common factor of 40 and j.
10
Let x = -93 + 66. Let j be (-30)/x*15*(-18)/(-15). Suppose 0 = 3*l + q - 11, -7 = -l + q + 2*q. Calculate the greatest common factor of j and l.
4
Let w(o) = o**3 + 18*o**2 + 41. Let l be w(-18). Calculate the greatest common factor of 3198 and l.
41
Let t(i) = 18*i**2 + i - 2. Let z be t(2). Let k = -245 + 305. Calculate the greatest common divisor of z and k.
12
Let l(j) = 25*j + 184. Let p be l(-6). Let w(r) = r**3 + 3*r**2 - 5*r + 5. Let c be w(-5). Let k = -3 - c. Calculate the highest common divisor of p and k.
17
Suppose -96*b = -88*b - 16036 + 1668. What is the highest common divisor of 32 and b?
4
Suppose 0 = -3*j + 4*j - 65. Suppose -a + 27 = 5*l, -3*l - 5*a + 3 = -0. Suppose 80 = l*t - 76. Calculate the greatest common factor of j and t.
13
Let b(p) be the first derivative of 8*p**3/3 - 31*p**2 - 69. Let x be b(8). Calculate the highest common divisor of 24 and x.
8
Let i(x) = 2*x**2 + 34*x - 355. Let t be i(-38). Calculate the highest common factor of t and 17.
17
Suppose 3*o + 51 = 3*w, -3*o - 2*w - 29 = -3. Let z be 164/10 + (-9)/((-270)/o). What is the highest common divisor of 256 and z?
16
Suppose -4*t + 2560 = -i - 5093, 2*t = -2*i + 3834. Calculate the greatest common divisor of 174 and t.
174
Suppose -39*l + 41*l = 20. Let p be 1 + l + 106/53. Calculate the greatest common divisor of p and 26.
13
Let r be (-45*36/6)/(1/(-8)). Suppose -17*q + r = -2*q. Suppose 0*g = 4*g - 4*t - 152, 0 = 4*g + 4*t - q. Calculate the greatest common divisor of g and 185.
37
Suppose -44*d - 26 = -18*d. Let v be 17 - ((-15)/(-20))/(d/(-4)). Let c = -55 - -83. What is the greatest common factor of v and c?
14
Suppose 0 = 2*k - 30784 - 2650. Calculate the greatest common divisor of k and 229.
229
Suppose -6*x + 6619 + 3101 = 0. Suppose 9*d = -3*d + x. Calculate the highest common divisor of 108 and d.
27
Suppose -z = -8*z + 14. Suppose -2 = -z*n + 5*g + 44, -4*g - 29 = -n. Suppose -2*y + 0*y = -130. What is the highest common factor of n and y?
13
Let t = 321 - 311. Calculate the greatest common factor of 3970 and t.
10
Suppose -327*y - 40 = -367*y. What is the highest common factor of 73 and y?
1
Let j be (80/12)/((-15)/(-36)). What is the highest common divisor of 3824 and j?
16
Let f be (4/2 - -7)/(-2 + 1). Let u be (-140)/(-63) + 2*1/f. Suppose -3*n - 2*w = -26, -3*w - 20 - 19 = -u*n. Calculate the highest common factor of n and 96.
12
Suppose 4*j - 5*f - 3 + 1 = 0, -2*j - f + 8 = 0. Suppose -27 = j*l - 33. Suppose l*b = 38 - 34. Calculate the greatest common factor of b and 18.
2
Let i be ((-1)/(8/(-996)))/(5*(-27)/(-900)). What is the highest common divisor of 90 and i?
10
Suppose -2*m + 5*h + 18838 = 0, 8*m - 13*m = -2*h - 47074. Calculate the highest common factor of 18 and m.
18
Let d be (12/(-8))/(9/(-192)). Suppose 0 = -2*i - 10 + d. Let g(s) = s**2 + 39*s - 402. Let l be g(-49). What is the greatest common factor of l and i?
11
Let t = 3184 + -2356. What is the highest common divisor of t and 48?
12
Let d be -4 - (2/(-12) - 117173/798). Calculate the highest common factor of 585 and d.
13
Suppose 0 = -4*r - 2*o - 9 + 51, 12 = -r - 5*o. Let p = 276 - 185. Calculate the highest common factor of r and p.
13
Suppose 0 = 4*g + 8 - 24. Suppose -13 = -t - b + 50, -g*b = -12. Let a = -551 - -575. What is the highest common factor of a and t?
12
Suppose 10*x - 17*x = 518. Let u = -56 - x. Let a be ((-4)/(-2))/((-8)/(-24)). What is the greatest common factor of u and a?
6
Let g = 23099 + -22963. What is the highest common factor of 40 and g?
8
Let j be 3/(6/(-4)) - (-4 - 0). Let f be 2*1 + -5 + j + -2. Let q be (26/10 + f)*(-89 - 1). Calculate the greatest common factor of q and 18.
18
Suppose 2*r - 3998 = -3*j, -r + 2107 = 3*j - 1893. What is the highest common divisor of j and 58?
58
Let n(x) = -7*x + 132. Suppose 19*k + 9*k - 504 = 0. Let t be n(k). Let p be (18/5)/(1/15). Calculate the greatest common factor of p and t.
6
Let r = 3446 - 1514. What is the highest common factor of 504 and r?
84
Suppose 2*n - 1032 = -36*c + 30*c, c + 1986 = 4*n. What is the greatest common factor of n and 30?
6
Let s = 339 + -336. Suppose -s*y = -3*m + 84, 5*m - 180 = -5*y - 0*y. Calculate the greatest common factor of 72 and m.
8
Let z = -11 + 17. Suppose 9*o - 102 = 3*o. Let i = -2 + o. What is the highest common divisor of i and z?
3
Let j = -22154 + 30929. What is the greatest common factor of j and 195?
195
Let y(a) = a**3 - 54*a**2 - 51*a - 110. Let z be y(55). What is the highest common divisor of z and 3905?
55
Let d be -3*(6362/22 - 4/22). Let w = 907 + d. Calculate the greatest common factor of w and 180.
20
Let c = 10 - 7. Suppose -c*r + 64 = 4*n - 8*n, 5*r - 5*n = 115. What is the greatest common factor of r and 126?
14
Suppose -105*n - 1338 - 130 = -8398. Calculate the highest common factor of 59136 and n.
66
Let q = -16755 - -16863. Let n be (135/(-10))/((-1)/28). Calculate the greatest common divisor of q and n.
54
Let p(b) = 133*b + 3. Let t be p(-3). Let y be (t/14)/(2/(-14)). Let l = -83801 - -83819. Calculate the greatest common factor of l and y.
18
Let b(p) = 25 + 16*p**2 - 39 - p**3 + p**2 + p. Let w be b(17). Suppose 76 = 4*o - 116. What is the highest common factor of w and o?
3
Let g be (-84)/(16/((-1280)/60)). What is the greatest common factor of g and 5054?
14
Let v(w) = 3*w**2 - 15*w - 2. Let p(q) = 14*q**2 - 60*q - 7. Let g(n) = -2*p(n) + 9*v(n). Let r be g(-4). What is the highest common divisor of 5 and r?
5
Let f = 5686 - 5590. Calculate the greatest common divisor of f and 9.
3
Suppose 752 - 300 = 66*o - 2716. Let i = 115 + -35. What is the greatest common divisor of i and o?
16
Suppose -95*t + 81*t + 56 = 0. Suppose -5*j = 3*v - 5*v + 53, t*v - 76 = 4*j. What is the highest common factor of 63 and v?
7
Let v(c) = -3*c**3 + c**2 - 2. Suppose n - 3*d = 6*n - 5, n + 7 = d. Let l be v(n). What is the highest common divisor of 6 and l?
2
Let l = -35177 + 71356. Calculate the greatest common divisor of l and 299.
299
Let o(f) = f**2 - 14*f + 4. Let u be o(14). Suppose -4*l - k = -l - 98, -5*l + 4*k + 152 = 0. Calculate the greatest common factor of u and l.
4
Suppose s - 158 = -2*i, 3*s - 626 = -s - 5*i. What is the greatest common factor of 301 and s?
7
Suppose -4*j - 15*h + 179 = -12*h, 2*h + 174 = 4*j. Calculate the highest common factor of 704 and j.
44
Let l be (5/2)/((-170)/(-272)). Suppose 0 = -l*f - 4*q + 520, -5*f + 67 = -5*q - 583. Calculate the greatest common divisor of 13 and f.
13
Let b(y) = -y**3 - 5*y**2 + 5*y - 3. Let v be b(-6). Suppose 2*o + 2*j = -0*o + 26, 4*o - 24 = v*j. Calculate the highest common factor of 270 and o.
9
Suppose 9*z - 4*k + 44 = 13*z, 5*z = -2*k + 55. Calculate the greatest common divisor of z and 193.
1
Let r be 1492/(-3)*159/106. Let w be 2 + r/(-8) - (-38)/(-152). What is the greatest common divisor of w and 5?
5
Let j(o) = -o**3 - 7*o**2 + 2*o + 12. Let n be j(-7). Let w be (-134)/n - (-13)/((-26)/6). Calculate the highest common divisor of w and 224.
32
Let x be (9/(-2))/(27/180). Let a = x - -40. Suppose -y - 5*t - 4 = -29, 0 = -5*y + t + 73. What is the highest common divisor of a and y?
5
Let r be 187 - (-10 + -5 + 14). What is the greatest common divisor of 1598 and r?
94
Suppose -2*s - 3*s = 0. Suppose s = 4*g - 4*t - 116, 8*t = -4*g + 3*t + 107. Let b = -6296 - -6303. Calculate the highest common divisor of g and b.
7
Let i be (-668)/10*(-202 + 87). What is the greatest common factor of i and 46?
46
Suppose 0 = -32*x + 3896 - 1400. What is the greatest common factor of x and 195?
39
Let b be 40953/374*4/6. What is the highest common factor of b and 8833?
73
Let f = 4742 + -4148. Calculate the greatest common factor of f and 432.
54
Suppose -2308 = 4*y - 2*f, -y + 0*y - f - 574 = 0. Let i